MONTHLY CLIMATOLOGICAL SUMMARY for APR. 2017

NAME: N0XUT   CITY: Urbana STATE: Iowa
ELEV: 903 LAT: 042:13:10 LONG: 0091:52:59

                            TEMPERATURE ( F), RAIN (in.), WIND SPEED (mph)

                                               HEAT     COOL           AVG
      MEAN                                     DEG      DEG            WIND                      DOM
DAY   TEMP    HIGH   TIME     LOW    TIME      DAYS     DAYS    RAIN   SPEED   HIGH    TIME      DIR
--------------------------------------------------------------------------------------------------------
01    44.8   057.1   13:54    31.6   05:21     20.1     00.0   00.00   002     012    12:34      W 
02    47.6   051.3   14:54    45.1   06:44     17.4     00.0   00.11   005     020    15:23     ESE
03    47.8   050.8   14:07    46.1   02:27     17.1     00.0   00.44   005     015    15:19     NNE
04    48.2   052.3   16:25    45.5   04:41     16.7     00.0   00.02   005     020    11:13      N 
05    44.7   049.1   17:56    39.3   12:17     20.3     00.0   00.32   007     037    15:30     NNE
06    44.1   052.1   17:12    36.7   07:00     20.8     00.0   00.00   010     030    10:11     NNW
07    44.8   058.3   17:02    29.8   06:40     20.2     00.0   00.00   004     015    16:01      S 
08    59.9   075.7   15:30    44.0   04:00     05.1     00.0   00.00   011     029    14:47      SE
09    68.1   076.8   16:36    59.7   04:52     00.0     03.1   00.00   010     031    15:55     SSE
10    58.3   068.5   00:06    44.3   00:00     06.6     00.0   00.01   007     038    02:18      W 
11    45.8   056.9   17:54    39.2   05:54     19.1     00.0   00.00   007     022    14:51     WNW
12    54.1   067.3   13:59    38.2   05:53     10.8     00.0   00.00   006     022    12:53      SE
13    55.1   066.3   16:21    44.0   07:08     09.8     00.0   00.23   008     021    03:01      E 
14    56.9   069.4   16:44    48.0   06:16     08.1     00.0   00.49   007     026    23:59     ESE
15    67.8   076.6   15:02    60.8   20:54     00.0     02.9   01.75   009     030    14:14     SSW
16    59.2   067.8   16:30    51.0   00:00     05.7     00.0   00.01   007     025    14:39      NW
17    59.9   073.0   17:53    47.1   04:55     05.0     00.0   00.00   003     018    13:41      SW
18    61.6   071.5   16:00    52.6   05:59     03.4     00.0   00.02   008     030    12:16      S 
19    57.9   068.1   00:00    47.7   07:32     07.1     00.0   00.01   007     026    16:13      E 
20    52.6   068.7   00:12    45.4   00:00     12.3     00.0   00.00   010     028    16:22     WNW
21    48.9   058.5   16:24    37.9   06:38     16.0     00.0   00.00   006     023    10:10      N 
22    53.8   065.5   17:27    41.9   07:08     11.1     00.0   00.00   004     014    14:41      NE
23    58.0   072.4   17:30    42.3   06:18     06.9     00.0   00.00   003     016    14:18     SSW
24    62.3   074.8   16:44    47.0   06:37     02.6     00.0   00.00   009     036    11:59      SE
25    64.7   075.0   16:39    55.0   06:34     00.2     00.0   00.14   007     021    16:49      SE
26    49.8   060.6   00:04    40.6   00:00     15.2     00.0   00.16   007     021    11:54     WNW
27    38.7   043.1   18:19    34.3   23:34     26.2     00.0   00.07   008     024    14:22      W 
--------------------------------------------------------------------------------------------------------
53.9 (54.1)   76.8  day 09     29.8  day 07   303.9    006.0   03.79   06.7     038   day 10      S 
Min <=  86: 27
Max Rain: 1.75 ON 15-04-17
Days of Rain: 14 (> .008in) 8 (> .08in) 1 (> 0.8in)